uate 0 + (10 - 14) - -13.
9
Evaluate -11 + (9 - ((-5 - 2) + 9)).
-4
What is (-1 - (1 + 1)) + 7 - 3?
1
Evaluate 10 - 0 - (-103 + 116).
-3
-1 - 2 - (-12 - -8)
1
Evaluate -4 - (-8 + -4 + 3).
5
Evaluate (25 - 37) + 14 + 0 + 5.
7
Evaluate 8 + -6 + -2 + (-3 - -7).
4
-1 + -2 + (10 - 8)
-1
What is 0 + -6 + -4 - -2 - -4?
-4
What is 1 + (-2 - 6) + 4 + 0?
-3
What is the value of 1 - (3 - (-3 + 8 + -3))?
0
Evaluate 0 - 3 - (-2 + -3 + 0).
2
Evaluate -11 - (4 - -2 - 11).
-6
What is the value of 12 - (14 - (17 - 13))?
2
Calculate 2 + -4 + 1 + -2.
-3
What is (-11 - (3 + -12)) + 5 + 2?
5
What is the value of -11 - -7 - (-8 - -2)?
2
Calculate 22 + -17 + (-8 - 1).
-4
0 + -8 + 1 + -2 + 4
-5
Evaluate 12 + -4 + (3 - 11).
0
-5 - (4 + -1 + -13 + 1)
4
What is the value of (-11 - 5) + (-2 - (-15 - -8))?
-11
Evaluate 1 + -1 - (5 - 12 - -5).
2
Evaluate (23 - 24) + (-1 - 2).
-4
1 + -5 + (0 - -1)
-3
What is the value of -4 + (5 - (6 - 3))?
-2
Evaluate 4 - ((2 - -1) + 0).
1
What is 3 + (5 - (12 + -1 - 4))?
1
What is the value of -2 + -5 + 3 - -8 - -1?
5
Calculate (-1 - (1 + -4)) + 1.
3
What is the value of 2 - (-3 + 5) - 0?
0
Evaluate -11 - 8 - -10 - -12.
3
What is the value of 2 + -3 + -13 - -8?
-6
What is 33 - 40 - (-3 - 13 - -2)?
7
(-25 - -23) + (4 - 1)
1
What is the value of -15 + (7 - 1) - -7?
-2
What is the value of 14 + -3 - ((-6 - -13) + -1)?
5
(-7 - -7) + 2 + (-3 - 4)
-5
What is (6 - 3) + -5 + 9 + -2?
5
What is the value of 2 + -3 + 4 + -7?
-4
What is the value of -1 + -9 - 2 - -10?
-2
What is -2 + 4 + (1 - (0 + 3))?
0
Evaluate 1 + (-11 - -8) + 0.
-2
What is (-2 + 1 - 9) + (-201 - -209)?
-2
What is -2 + -5 + (-3 - -8)?
-2
Calculate -3 + (7 - (12 + -11)).
3
Evaluate -3 - (-1 + 2 - 2).
-2
(6 - -1 - (8 - 6)) + 1
6
-5 + 2 + 0 + (-1 - 1)
-5
What is 1 - -6 - (3 + -1)?
5
What is -1 + -1 + 41 + -46?
-7
Calculate (3 + 5 - -5) + -7.
6
Evaluate 10 + -12 + -2 + 3.
-1
What is the value of -3 - ((-5 - -1) + (7 - 7))?
1
What is the value of (1 - 4) + 11 + -12?
-4
Calculate (-3 - 4) + (-11 + 4 - -9).
-5
What is -2 + -3 + (1 + -1 - -2)?
-3
What is -4 + 2 - (33 - 35)?
0
Calculate -3 - ((5 + -3 - 3) + -5).
3
What is 2 + (-5 - -5) + 1?
3
Evaluate -3 - -2 - -2 - (1 + 0).
0
Evaluate -15 + (1 - -4) - -5.
-5
Evaluate -3 + (5 + -1 + -2 - -3).
2
Calculate 0 - -1 - -1 - (-82 - -81).
3
Calculate (-5 - (0 - 7)) + (-7 - 1).
-6
Evaluate 9 + (-14 - -3) + -4.
-6
What is the value of 3 + (-8 - -4) + 4?
3
What is (5 - -1) + (-1 - (-1 - -6))?
0
Calculate -3 + (8 - (0 + -2 + 1)).
6
What is the value of 4 + -1 + 4 + -3 - 9?
-5
Evaluate 2 + -1 + (6 + -5 - -1).
3
What is 3 + 0 + 0 + (-3 - -4)?
4
(-5 - (3 + -5)) + 2
-1
-2 + 1 + 5 - 10
-6
What is the value of (-1 - -3) + (-2 - -3) - 0?
3
Evaluate (3 - -2) + (-3 - -9) - 4.
7
Evaluate 4 + 2 + 2 - (-19 + 19).
8
Calculate 8 + (-9 + 5 - 1) - 7.
-4
Calculate (23 + -12 - 2) + -8.
1
-1 + -8 + 9 - -9
9
Evaluate 1 + 4 + -4 + 0.
1
Evaluate -8 + -1 + 21 + -18.
-6
What is the value of (-5 - (-2 + -2)) + 3?
2
-1 + (-1 - -1) + 4
3
Calculate -7 + (16 - (8 - 6)).
7
Calculate 2 + 3 - 8 - (2 + 0).
-5
What is -1 + (2 - (1 + 2))?
-2
What is the value of -109 + 124 - (-2 + 9)?
8
Calculate -3 + 3 + 1 + -9 + 4.
-4
What is -6 + 4 + -1 + (2 - 2)?
-3
Calculate 1 - 4 - (1 + -4 + 0).
0
Calculate 8 + -2 - (-2 + -1 + -2).
11
What is the value of (2 - -1) + 3 + -3?
3
What is the value of (0 - 5) + 3 + 1 + 1?
0
Calculate -11 - -12 - (0 + 2).
-1
What is (-4 - (-1 - 7)) + -6 - -4?
2
Calculate (4 - 4) + 5 + (-3 - -6).
8
Calculate (-1 - -2) + (4 - (6 + 3)).
-4
What is the value of -10 - (-5 + 0 + 46 + -46)?
-5
5 + -3 - 5 - -3
0
2 + (2 - (1 + -3 + 4))
2
(-28 - -37) + -14 + 1
-4
Evaluate (-2 - 2) + 4 + -3.
-3
Evaluate (2 + -2 - 0) + -4 - 1.
-5
Evaluate -1 + -3 + -4 - -8.
0
What is the value of 2 - (-1 - 2 - -1) - -1?
5
2 + (-1 + 0 - 4)
-3
Calculate 10 + (-4 - 2) + 4.
8
Evaluate 7 + 9 + (-11 - 0).
5
What is the value of -3 + 0 + 5 + 1?
3
Evaluate -3 + -3 + (3 - (-4 - 3)).
4
What is (9 - (1 + 7)) + -3?
-2
What is the value of (16 - 10) + -1 + 0?
5
Calculate 3 + (2 - -2) + (-5 - 0).
2
Calculate 5 - -2 - (19 + -16) - 5.
-1
Evaluate -8 + 4 + 29 - 7 - 8.
10
Calculate 2 + 9 + 34 + -50.
-5
Calculate -6 + (15 - -1) + -6.
4
What is the value of 3 - (-4 + 0 - (6 - 8))?
5
What is the value of -1 + 2 + -4 - -7?
4
What is -2 - (-1 + 1) - -6?
4
(14 - 6) + -7 - 4
-3
Calculate 86 - 89 - (2 - 10 - -2).
3
Evaluate -3 + 4 + 3 - -1.
5
Calculate -5 + -13 - -8 - -1.
-9
Calculate 1 + 0 - (-16 + 15).
2
7 + (4 - (8 + 1 + -2))
4
Evaluate 2 + 2 + (5 - (8 - 6)).
7
What is the value of -1 + 0 + (-18 - -4 - -14)?
-1
What is the value of -16 - (-5 + -13 + 9)?
-7
Evaluate 212 - 216 - (-6 + (1 - 1)).
2
Evaluate -3 + 2 + -4 + 8.
3
What is the value of 2 + -3 + (9 - 7)?
1
Calculate 4 + -6 - 5 - -4.
-3
Calculate -9 + 1 + (3 - 0).
-5
What is -2 + (2 - 0) + (0 - 0)?
0
Evaluate -3 + 1 + (4 - 7).
-5
What is the value of 45 - 56 - (-5 + 3)?
-9
1 - (4 + -2 - -1)
-2
Evaluate -14 - (-6 + 11 - 15).
-4
Evaluate -5 - -4 - (-9 - (-1 - 5)).
2
Evaluate 5 + 6 + (0 - 12).
-1
What is (-10 - -19 - 6) + -13?
-10
Calculate -2 + 8 + -3 - -6.
9
-6 + (7 - 7) + -1
-7
What is 2 - -7 - (-1 - -5)?
5
What is 2 + -5 + -4 + 6?
-1
Evaluate -13 + 2 - (-5 - -5).
-11
What is the value of -4 + 1 + 3 + -5 + 4?
-1
What is -10 + (1 - (-4 + -1))?
-4
What is (4 - (-3 - (3 - 6))) + 2?
6
Evaluate 79 - 77 - (-1 + 3 - 1).
1
(-5 - 0 - -1) + -17 + 21
0
What is -6 + 10 + -1 - 2?
1
What is (-17 - -36 - 23) + (1 - 2)?
-5
What is 0 - (-5 - -6) - -1 - 0?
0
What is the value of (4 + -3 + -2 - -3) + 3?
5
Evaluate (7 - 1) + (-139 - -143).
10
0 + (-3 - -1 - 3) + 0
-5
What is 2 - (-1 + -8) - 21?
-10
Evaluate -7 + (12 - 6) + 4 + -2.
1
What is the value of 10 - 1 - (60 + -51)?
0
What is (1 - (0 - -2)) + -3?
-4
(-3 - (6 - 0)) + 2 + 0
-7
What is the value of 6 + (3 - 13) - (2 + -5)?
-1
What is (-12 - (-17 - -6)) + -2?
-3
Calculate (-7 - -3 - 0) + 11.
7
What is the value of -4 + 5 + -4 + 1 + -3?
-5
What is the value of (4 - 7) + 0 + (2 - -5)?
4
What is the value of (-7 - -7 - -5) + -3?
2
Calculate -1 + 12 + -12 + -6.
-7
Calculate 1 + 5 - (49 + -43).
0
What is -2 + 3 + -4 + -2 + 4?
-1
Evaluate (-4 - -6 - (2 + -2)) + -6.
-4
Evaluate 3 - -6 - (1 + 1) - 4.
3
What is the value of 2 + -1 + 2 - (4 - -4)?
-5
Calculate -2 - (3 - (-1 + -2)).
-8
What is the value of 3 + (2 - (-3 - -4))?
4
What is the value of (-3 - 0) + 4 + -8 + 9?
2
Evaluate 4 + 3 - (6 + (-1 - 5)).
7
What is the value of 4 - 6 - (9 + 0 - 5)?
-6
What is the value of 20 + -18 + 0 + 0 - 7?
-5
Calculate -4 + 10 - 8 - -5.
3
Calculate -6 - (-1 - -2 - 3 - 1).
-3
What is -7 + 7 + 0 + (-4 - -4)?
0
What is the value of (5 - 13 - -4) + 1?
-3
What is the value of 1 + -1 + (4 - 5)?
-1
What is the value of 0 - (-3 + 5 + (7 - 4))?
-5
-2 - (15 - (17 - 8) - 2)
-6
Calculate -8 + 8 + 6 + (-1 - 3).
2
4 + (1 - 8) - (7 - 19)
9
What is the value of -1 + -1 - ((-7 - -6) + -3)?
2
What is the value of (-4 - (-8 + -2)) + (-12 - 0)?
-6
What is -2 + 9 + -4 - 8?
-5
9 + 1 + -3 + -5 + -2
0
What is (-7 - 1 - -4) + 4?
0
What is -18 - -16 - (0 + 1)?
-3
What is (8 - 4) + -8 - (-11 - -1)?
6
Evaluate 6 + 2 + (-2 - 6).
0
What is the value of (-3 + 2 + 4 - 6) + 4?
1
What is the value of -6 + 1 + -3 + 4 + -1?
-5
Evaluate -8 + -2 + (10 - -2 - 5).
-3
What is (0 - 6) + (107 - 111)?
-10
What is 4 + (2 - 1) + -3 + -2?
0
Calculate 12 - (6 - -3 - -5).
-2
3 + (12 - 13 - (2 - -4))
-4
What is the value of -1 + 3 - (-5 - -3 - -7)?
-3
5 + -1 + (-3 - -2 - -3)
6
What is the value of 4 - 10 - (-11 + 2) - -2?
5
What is (10 - 4) + (9 - (3 - -8))?
4
Calculate -10 - (0 - 6) - -4.
0
Evaluate 3 - -3 - (-21 + 32).
-5
What is -14 - (-5 + -2 - -1)?
-8
What is 0 + -5 + 5 + 1?
1
-6 + (-2 - (-7 + 3) - -3)
-1
-2 + 4 - -1 - (4 - -3)
-4
-3 + -3 + 2 + 2
-2
What is -10 + 1 - (-8 + 5)?
-6
What is 2 - (20 - 7 - 7)?
-4
What is the value of -6 + 1 - (-170 - -168)?
-3
What is -2 + -6 - (-18 + 14)?
-4
Evaluate -4 + 5 - (5 + -1).
-3
What is 3 - 0 - (-67 + 60)?
10
Calculate 1 + 1 - -1 - (0 - 2).
5
What is the value of -13 + 13 - ((-2 - -1) + 1)?
0
What is the value of 5 - -2 - (-2 - -4)?
5
Evaluate 1 - 6 - (1 - (-10 - -10)).
-6
(2 - 1) + (-2 - -3) + -1
1
What is 2 + -2 + -4 + (-1 - -3)?
-2
Calculate 2 - (2 - (-3 - -2)).
-1
Evaluate 7 - (21 + -27 + (4 - -2)).
7
Evaluate (5 - (13 - 1)) + 7.
0
Calculate (5 - -2